se 3.
-2
-15 (base 6) to base 11
-10
What is -21 (base 15) in base 5?
-111
Convert -89 (base 12) to base 10.
-105
20201 (base 3) to base 7
346
21110 (base 3) to base 5
1301
Convert 66 (base 8) to base 12.
46
-312 (base 4) to base 12
-46
-3 (base 9) to base 7
-3
What is 10122 (base 3) in base 10?
98
What is -9 (base 16) in base 14?
-9
2 (base 5) to base 12
2
-2 (base 10) to base 13
-2
Convert 132 (base 7) to base 8.
110
Convert -11 (base 7) to base 5.
-13
-44 (base 14) to base 10
-60
What is -1 (base 4) in base 3?
-1
-5 (base 15) to base 12
-5
-5 (base 14) to base 5
-10
What is 213 (base 5) in base 11?
53
What is 321 (base 5) in base 10?
86
What is -212 (base 7) in base 11?
-98
10 (base 12) to base 11
11
What is -101000 (base 2) in base 15?
-2a
Convert -197 (base 12) to base 10.
-259
Convert -3 (base 8) to base 4.
-3
50 (base 10) to base 2
110010
Convert -11102 (base 3) to base 15.
-7e
-7 (base 16) to base 7
-10
-17 (base 10) to base 9
-18
3a (base 11) to base 13
34
What is 0 (base 2) in base 14?
0
Convert -1101010 (base 2) to base 11.
-97
What is -2 (base 13) in base 16?
-2
-a (base 13) to base 10
-10
Convert 39 (base 10) to base 12.
33
What is 15b (base 12) in base 3?
21222
What is 2 (base 6) in base 15?
2
What is 10 (base 2) in base 6?
2
What is -113 (base 6) in base 11?
-41
What is 2 (base 6) in base 5?
2
Convert 13 (base 15) to base 10.
18
What is -b (base 12) in base 15?
-b
Convert -17 (base 13) to base 8.
-24
What is 2 (base 6) in base 12?
2
10011111 (base 2) to base 5
1114
-3 (base 7) to base 5
-3
Convert 6d (base 15) to base 4.
1213
-2 (base 16) to base 8
-2
Convert 8 (base 13) to base 7.
11
-10 (base 15) to base 3
-120
What is 0 (base 8) in base 10?
0
What is -224 (base 7) in base 10?
-116
-3 (base 15) to base 4
-3
-5 (base 15) to base 10
-5
6 (base 11) to base 4
12
Convert -12 (base 13) to base 3.
-120
0 (base 12) to base 3
0
Convert -41 (base 5) to base 16.
-15
Convert -2 (base 7) to base 2.
-10
26 (base 15) to base 6
100
-46 (base 10) to base 6
-114
What is 1 (base 3) in base 16?
1
0 (base 3) to base 2
0
Convert -2 (base 14) to base 4.
-2
1 (base 4) to base 12
1
Convert -47 (base 10) to base 16.
-2f
-2 (base 13) to base 8
-2
What is -11 (base 12) in base 14?
-d
What is -1 (base 3) in base 12?
-1
What is 1 (base 13) in base 9?
1
What is -2223 (base 4) in base 2?
-10101011
Convert -16 (base 9) to base 4.
-33
-6 (base 8) to base 12
-6
What is 12 (base 3) in base 15?
5
Convert 131 (base 6) to base 14.
3d
What is -1 (base 12) in base 6?
-1
What is 18 (base 16) in base 10?
24
Convert 1 (base 4) to base 2.
1
Convert 2d (base 16) to base 2.
101101
6 (base 7) to base 13
6
What is 2 (base 13) in base 6?
2
Convert -62 (base 15) to base 9.
-112
1000 (base 2) to base 14
8
0 (base 14) to base 2
0
-23 (base 4) to base 2
-1011
10 (base 7) to base 8
7
Convert 3 (base 4) to base 15.
3
-1 (base 13) to base 6
-1
-52 (base 6) to base 5
-112
Convert -3 (base 16) to base 12.
-3
-2c (base 16) to base 2
-101100
Convert 1 (base 5) to base 9.
1
13 (base 10) to base 3
111
Convert c (base 15) to base 16.
c
-33 (base 9) to base 11
-28
212 (base 5) to base 14
41
Convert -2 (base 11) to base 9.
-2
Convert b (base 14) to base 8.
13
93 (base 16) to base 2
10010011
What is -1010010 (base 2) in base 6?
-214
What is 34 (base 10) in base 15?
24
-3 (base 4) to base 15
-3
What is 7 (base 16) in base 2?
111
What is -263 (base 10) in base 3?
-100202
3 (base 5) to base 9
3
What is 61 (base 13) in base 3?
2221
Convert 16 (base 9) to base 15.
10
-16 (base 10) to base 16
-10
Convert 11 (base 9) to base 6.
14
What is -17 (base 14) in base 2?
-10101
Convert -6 (base 8) to base 6.
-10
What is 2 (base 9) in base 14?
2
-1123 (base 5) to base 10
-163
Convert 13 (base 6) to base 11.
9
Convert 3 (base 6) to base 7.
3
What is c (base 14) in base 16?
c
What is 0 (base 11) in base 13?
0
111 (base 2) to base 8
7
What is -2 (base 11) in base 16?
-2
-4 (base 16) to base 13
-4
What is 6 (base 7) in base 4?
12
Convert -341 (base 6) to base 14.
-97
What is -43 (base 11) in base 10?
-47
Convert -1232 (base 5) to base 2.
-11000000
550 (base 6) to base 5
1320
Convert -39 (base 13) to base 11.
-44
What is 12 (base 5) in base 16?
7
What is -13 (base 13) in base 4?
-100
-631 (base 7) to base 11
-268
-5 (base 16) to base 3
-12
a (base 13) to base 15
a
-167 (base 16) to base 15
-18e
14 (base 8) to base 5
22
-2 (base 8) to base 6
-2
What is 1 (base 4) in base 12?
1
Convert 2 (base 5) to base 10.
2
What is -11 (base 6) in base 11?
-7
What is -3 (base 9) in base 4?
-3
Convert 3 (base 6) to base 14.
3
What is -1 (base 14) in base 9?
-1
-199 (base 12) to base 13
-171
Convert 0 (base 15) to base 9.
0
15 (base 12) to base 5
32
Convert -2 (base 13) to base 12.
-2
b7 (base 12) to base 10
139
Convert -42 (base 6) to base 7.
-35
Convert 14a (base 14) to base 6.
1114
11 (base 15) to base 16
10
-154 (base 14) to base 5
-2040
Convert -1 (base 9) to base 8.
-1
Convert 3 (base 10) to base 6.
3
Convert e (base 15) to base 3.
112
-2 (base 6) to base 16
-2
What is -c5 (base 13) in base 14?
-b7
Convert -2 (base 15) to base 8.
-2
1a (base 14) to base 11
22
Convert -93 (base 12) to base 2.
-1101111
What is -8 (base 14) in base 4?
-20
Convert 7 (base 10) to base 3.
21
1 (base 8) to base 12
1
1120 (base 4) to base 8
130
What is 2 (base 14) in base 3?
2
-172 (base 10) to base 16
-ac
What is -13 (base 10) in base 15?
-d
-223 (base 6) to base 12
-73
-105 (base 7) to base 13
-42
What is -5 (base 14) in base 12?
-5
What is -66 (base 12) in base 5?
-303
What is -26 (base 10) in base 13?
-20
What is -10 (base 3) in base 2?
-11
Convert 76 (base 10) to base 9.
84
-1 (base 5) to base 2
-1
2103 (base 4) to base 11
124
Convert 7 (base 16) to base 15.
7
What is -2 (base 7) in base 3?
-2
Convert 10 (base 3) to base 10.
3
Convert 45 (base 10) to base 16.
2d
-153 (base 6) to base 15
-49
Convert 0 (base 13) to base 10.
0
101 (base 2) to base 4
11
What is a (base 11) in base 12?
a
What is -35 (base 8) in base 6?
-45
Convert -1 (base 12) to base 8.
-1
What is -201 (base 3) in base 10?
-19
-20 (base 5) to base 13
-a
What is 0 (base 15) in base 10?
0
Convert -33 (base 6) to base 7.
-30
Convert 3211 (base 4) to base 5.
1404
What is 101 (base 5) in base 14?
1c
What is -53 (base 6) in base 11?
-30
1 (base 12) to base 16
1
Convert 203 (base 5) to base 3.
1222
Convert 2 (base 8) to base 10.
2
What is -16 (base 8) in base 7?
-20
Convert -6 (base 15) to base 2.
-110
294 (base 10) to base 11
248
-c8 (base 14) to base 13
-107
0 (base 4) to base 2
0
What is 10 (base 3) in base 2?
11
96 (base 10) to base 12
80
Convert 3020 (base 4) to base 12.
148
Convert 184 (base 13) to base 7.
544
232 (base 7) to base 14
89
Convert 1010001 (base 2) to base 13.
63
What is 225 (base 6) in base 11?
81
What is 1110 (base 2) in base 15?
e
Convert 6 (base 7) to base 4.
12
What is 10 (base 2) in base 4?
2
-2312 (base 4) to base 7
-350
What is -17 (base 12) in base 8?
-23
What is 39 (base 14) in base 15?
36
What is -3 (base 9) in base 2?
-11
Convert -10 (base 3) to base 15.
-3
2 (base 15) to base 4
2
What is -6 (base 14) in base 16?
-6
Convert -101 (base 2) to base 9.
-5
Convert 4 (base 13) to base 8.
4
Convert 3 (base 8) to base 6.
3
3 (base 16) to base 6
3
Convert 2 (base 7) to base 9.
2
Convert -36 (base 14) to base 15.
-33
Convert -4 (base 16) to base 5.
-4
-110 (base 2) to base 5
-11
36 (base 11) to base 15
29
What is 10 (base 11) in base 16?
b
Convert 1 (base 4) to base 5.
1
What is -34 (base 5) in base 14?
-15
What is 1 (base 13) in base 5?
1
Convert -140 (base 12) to base 2.
-11000000
What is -1012 (base 5) in base 7?
-246
What is -12 (base 16) in base 8?
-22
Convert 3 (base 12) to base 16.
3
Convert -1 (base 14) to base 6.
-1
-b6 (base 16) to base 11
-156
Convert -1 (base 13) to base 16.
-1
3 (base 8) to base 12
3
Convert -4 (base 11) to base 16.
-4
112 (base 6) to base 5
134
Convert -36 (base 8) to base 16.
-1e
-4 (base 10) to base 9
-4
What is -1 (base 7) in base 5?
-1
Convert -9 (base 16) to base 8.
-11
Convert -17 (base 11) to base 2.
-10010
-1 (base 5) to base 3
-1
81 (base 13) to base 14
77
-12 (base 10) to base 14
-c
Convert 52 (base 9) to base 16.
2f
2 (base 3) to base 13
2
Convert -2 (base 4) to base 5.
-2
a (base 14) to base 4
22
Convert -7 (base 13) to 